t of 4161781589?
8
What is the millions digit of 1533412671?
3
What is the tens digit of 411324333?
3
What is the ten millions digit of 182129632?
8
What is the hundreds digit of 139860703?
7
What is the hundreds digit of 211390039?
0
What is the tens digit of 174323510?
1
What is the ten thousands digit of 870790513?
9
What is the hundreds digit of 2955820805?
8
What is the ten millions digit of 264856863?
6
What is the hundred thousands digit of 466808337?
8
What is the hundreds digit of 193912195?
1
What is the units digit of 1293261148?
8
What is the billions digit of 4203275240?
4
What is the millions digit of 1086156284?
6
What is the ten millions digit of 66455141?
6
What is the hundred millions digit of 102806714?
1
What is the tens digit of 137084042?
4
What is the hundreds digit of 373654359?
3
What is the millions digit of 1708595401?
8
What is the hundreds digit of 347795958?
9
What is the units digit of 12230159?
9
What is the ten millions digit of 25273222?
2
What is the ten thousands digit of 501189869?
8
What is the hundreds digit of 29129168?
1
What is the thousands digit of 629691349?
1
What is the ten millions digit of 776397015?
7
What is the tens digit of 7275217190?
9
What is the ten millions digit of 43532296?
4
What is the millions digit of 331879467?
1
What is the tens digit of 54862933?
3
What is the ten thousands digit of 50997120?
9
What is the tens digit of 124336578?
7
What is the ten thousands digit of 588657429?
5
What is the ten thousands digit of 29418938?
1
What is the thousands digit of 1036312694?
2
What is the thousands digit of 20808000?
8
What is the millions digit of 2262825443?
2
What is the thousands digit of 26926297?
6
What is the thousands digit of 100153829?
3
What is the ten millions digit of 41145777?
4
What is the thousands digit of 118241463?
1
What is the hundreds digit of 112425966?
9
What is the hundred thousands digit of 353331774?
3
What is the hundred thousands digit of 187371322?
3
What is the ten millions digit of 687549597?
8
What is the units digit of 175049083?
3
What is the units digit of 232832570?
0
What is the ten millions digit of 181406936?
8
What is the hundred millions digit of 484202266?
4
What is the millions digit of 168821583?
8
What is the ten millions digit of 26309030?
2
What is the billions digit of 2737826750?
2
What is the ten millions digit of 87062643?
8
What is the billions digit of 1188172537?
1
What is the tens digit of 475371504?
0
What is the hundred thousands digit of 300372748?
3
What is the hundred millions digit of 4034029290?
0
What is the hundreds digit of 1916482812?
8
What is the ten millions digit of 1287436113?
8
What is the millions digit of 118035067?
8
What is the hundred millions digit of 365537071?
3
What is the ten thousands digit of 375816171?
1
What is the tens digit of 1142580074?
7
What is the millions digit of 283601336?
3
What is the millions digit of 26902641?
6
What is the ten thousands digit of 5734543?
3
What is the ten millions digit of 1018702073?
1
What is the thousands digit of 732924798?
4
What is the millions digit of 152058807?
2
What is the ten millions digit of 309618516?
0
What is the hundreds digit of 199362405?
4
What is the ten millions digit of 1435400211?
3
What is the hundred thousands digit of 1244674855?
6
What is the millions digit of 16932347?
6
What is the tens digit of 60366326?
2
What is the hundred thousands digit of 211718079?
7
What is the thousands digit of 52641829?
1
What is the ten millions digit of 3386169601?
8
What is the units digit of 66959083?
3
What is the millions digit of 3524348085?
4
What is the ten millions digit of 774324417?
7
What is the tens digit of 2609106409?
0
What is the hundreds digit of 1173305267?
2
What is the hundreds digit of 61755643?
6
What is the thousands digit of 551951409?
1
What is the billions digit of 4103081937?
4
What is the millions digit of 80131881?
0
What is the ten thousands digit of 245581502?
8
What is the millions digit of 2318358256?
8
What is the ten millions digit of 352104916?
5
What is the hundreds digit of 56333748?
7
What is the units digit of 69706512?
2
What is the ten millions digit of 152657922?
5
What is the units digit of 4255349434?
4
What is the thousands digit of 297749434?
9
What is the tens digit of 44960798?
9
What is the hundreds digit of 6208319938?
9
What is the tens digit of 78514229?
2
What is the tens digit of 136648723?
2
What is the hundred millions digit of 4844187031?
8
What is the hundreds digit of 510470926?
9
What is the units digit of 215722455?
5
What is the hundred millions digit of 3020772283?
0
What is the units digit of 53392036?
6
What is the ten thousands digit of 776045053?
4
What is the thousands digit of 986576991?
6
What is the millions digit of 74330909?
4
What is the ten millions digit of 16832292?
1
What is the hundred thousands digit of 25495484?
4
What is the hundreds digit of 52564602?
6
What is the millions digit of 736292080?
6
What is the ten thousands digit of 43632380?
3
What is the hundred millions digit of 328684175?
3
What is the units digit of 201475252?
2
What is the thousands digit of 46329762?
9
What is the hundred millions digit of 1896444856?
8
What is the hundreds digit of 5608083218?
2
What is the ten thousands digit of 2309493841?
9
What is the hundred millions digit of 1003420786?
0
What is the hundreds digit of 2667945519?
5
What is the units digit of 60167935?
5
What is the millions digit of 362479344?
2
What is the hundreds digit of 2997716989?
9
What is the millions digit of 65417223?
5
What is the hundreds digit of 33202403?
4
What is the ten thousands digit of 16057381?
5
What is the ten thousands digit of 1236124120?
2
What is the millions digit of 45591646?
5
What is the ten millions digit of 131652051?
3
What is the ten millions digit of 77666679?
7
What is the hundred thousands digit of 933470655?
4
What is the thousands digit of 298943?
8
What is the tens digit of 4268479159?
5
What is the ten thousands digit of 332754486?
5
What is the thousands digit of 341952848?
2
What is the ten thousands digit of 56639394?
3
What is the ten thousands digit of 1881049887?
4
What is the thousands digit of 119298483?
8
What is the units digit of 5778664525?
5
What is the hundred thousands digit of 285587985?
5
What is the thousands digit of 908610077?
0
What is the ten thousands digit of 82434768?
3
What is the hundred millions digit of 1996537313?
9
What is the billions digit of 4501148435?
4
What is the thousands digit of 33864845?
4
What is the hundred millions digit of 984626662?
9
What is the units digit of 19802187?
7
What is the hundred millions digit of 1857941691?
8
What is the millions digit of 44930514?
4
What is the hundred millions digit of 500546887?
5
What is the hundreds digit of 36010832?
8
What is the ten thousands digit of 493918829?
1
What is the hundred thousands digit of 837868555?
8
What is the ten millions digit of 73662464?
7
What is the units digit of 61443887?
7
What is the tens digit of 38433265?
6
What is the ten thousands digit of 100560004?
6
What is the millions digit of 80525951?
0
What is the hundreds digit of 169269825?
8
What is the thousands digit of 785855?
5
What is the hundred thousands digit of 1761055189?
0
What is the thousands digit of 5996090759?
0
What is the ten thousands digit of 39848382?
4
What is the billions digit of 3039881925?
3
What is the ten thousands digit of 71728849?
2
What is the billions digit of 3638497343?
3
What is the hundreds digit of 4316135?
1
What is the hundred millions digit of 117520571?
1
What is the tens digit of 111733406?
0
What is the hundred millions digit of 4309188850?
3
What is the ten thousands digit of 6753072215?
7
What is the ten thousands digit of 73643948?
4
What is the hundred thousands digit of 570729140?
7
What is the hundreds digit of 120020056?
0
What is the ten millions digit of 11590749?
1
What is the units digit of 2421233035?
5
What is the units digit of 3525733136?
6
What is the thousands digit of 946085237?
5
What is the ten thousands digit of 148270372?
7
What is the units digit of 81445076?
6
What is the hundred thousands digit of 37865551?
8
What is the ten thousands digit of 35715694?
1
W